{"id":385,"date":"2019-08-26T20:15:05","date_gmt":"2019-08-26T18:15:05","guid":{"rendered":"http:\/\/monci.si\/?page_id=385"},"modified":"2020-12-03T22:34:47","modified_gmt":"2020-12-03T21:34:47","slug":"o-monci","status":"publish","type":"page","link":"http:\/\/monci.si\/?page_id=385","title":{"rendered":"O Mon\u010di"},"content":{"rendered":"\n<p>Kdo je Mon\u010di?  Mon\u010di rada dela z ljudmi in rada re\u0161uje te\u017eave. Ji \u017eelite polep\u0161ati jutro? Potem ji pustite \u010das, da \u0161e pred slu\u017ebo odte\u010de svoj tek. <\/p>\n\n\n\n<p>V prostem \u010dasu Mon\u010di pe\u010de, te\u010de in \u0161iva, v\u010dasih pa \u0161e kaj \u010detrtega. \u010ce jo sre\u010date na kak\u0161nem stadionu, se je nikar ne trudite prehiteti. Mogo\u010de, ko je \u017ee malo izmu\u010dena, po dvajsetih kilometrih. V pe\u010denju jo preka\u0161a mogo\u010de sestra Vandelina, sicer pa &#8230; uvrstitev v finale Naj pi\u0161kot, v dveh letih trikrat. Premagajte to, \u010de lahko. \u0160ivanje? Ne \u0161e povsem, bo pa kmalu.<\/p>\n\n\n\n<blockquote class=\"wp-block-quote is-style-large is-layout-flow wp-block-quote-is-layout-flow\"><p>Naj vse poti vodijo v svetlo prihodnost.<\/p><cite>Mon\u010di<\/cite><\/blockquote>\n\n\n\n<p>Lazanja &#8211; kar vpra\u0161ajte za recept, sicer vam ne bo uspelo, ker ima nekaj skritih adutov v svojem rokavu. Tak\u0161no naredijo kje v Italiji &#8212; mogo\u010de. Ali pa prekmurska gibanica. Mogo\u010de jo kak\u0161nim mojstrom v Prekmurju uspe narediti bolj\u0161o, na tej strani Mure pa kraljuje Mon\u010di.<\/p>\n\n\n\n<p>Tipkanje? Hitro deset-prstno slepo tipkanje. Prepri\u010dan sem, da je prava mojstrica v tem. Z njo se lahko pogovarjate, hkrati pa pi\u0161e nekomu drugemu elektronsko sporo\u010dilo brez pogleda na tipkovnico in hitro. Ja, njeni prsti so hitri &#8211; zadnje merjenje je pokazalo, da zmore natipkati 489 udarcev na minuto. <\/p>\n\n\n\n<p>Kako najde \u010das za vse to? Zbuja se ob petih zjutraj. Pravi, da je zanjo \u0161est ur spanja dovolj. Sicer jo vsi prepri\u010dujemo, da rabi vsaj osem, \u0161e raje kak\u0161no ve\u010d, pa ne gre. Pravi, da jo jutra napolnijo z energijo. Nih\u010de ji zares ne verjame &#8230; ampak ji re\u010demo, da ji, da ni preve\u010d jezna.<\/p>\n\n\n\n<p>Mon\u010di posku\u0161a zdru\u017eiti dva pregovora: &#8220;Work hard, play hard&#8221; in &#8220;Work smart not hard&#8221;. To ji kar dobro uspeva in z branjem njenih prispevkov boste morda nekaj te modrosti vnesli tudi v svoje \u017eivljenje.<\/p>\n","protected":false},"excerpt":{"rendered":"<p>Kdo je Mon\u010di? Mon\u010di rada dela z ljudmi in rada re\u0161uje te\u017eave. Ji \u017eelite polep\u0161ati jutro? Potem ji pustite \u010das, da \u0161e pred slu\u017ebo odte\u010de&hellip; <\/p>\n","protected":false},"author":2,"featured_media":0,"parent":0,"menu_order":0,"comment_status":"closed","ping_status":"closed","template":"","meta":{"footnotes":""},"class_list":["post-385","page","type-page","status-publish","hentry"],"_links":{"self":[{"href":"http:\/\/monci.si\/index.php?rest_route=\/wp\/v2\/pages\/385","targetHints":{"allow":["GET"]}}],"collection":[{"href":"http:\/\/monci.si\/index.php?rest_route=\/wp\/v2\/pages"}],"about":[{"href":"http:\/\/monci.si\/index.php?rest_route=\/wp\/v2\/types\/page"}],"author":[{"embeddable":true,"href":"http:\/\/monci.si\/index.php?rest_route=\/wp\/v2\/users\/2"}],"replies":[{"embeddable":true,"href":"http:\/\/monci.si\/index.php?rest_route=%2Fwp%2Fv2%2Fcomments&post=385"}],"version-history":[{"count":9,"href":"http:\/\/monci.si\/index.php?rest_route=\/wp\/v2\/pages\/385\/revisions"}],"predecessor-version":[{"id":611,"href":"http:\/\/monci.si\/index.php?rest_route=\/wp\/v2\/pages\/385\/revisions\/611"}],"wp:attachment":[{"href":"http:\/\/monci.si\/index.php?rest_route=%2Fwp%2Fv2%2Fmedia&parent=385"}],"curies":[{"name":"wp","href":"https:\/\/api.w.org\/{rel}","templated":true}]}}